{"id":21120,"date":"2023-06-26T17:13:52","date_gmt":"2023-06-26T15:13:52","guid":{"rendered":"https:\/\/www.dauner-handball.de\/?page_id=21120"},"modified":"2024-03-26T18:27:40","modified_gmt":"2024-03-26T17:27:40","slug":"minis","status":"publish","type":"page","link":"https:\/\/www.dauner-handball.de\/?page_id=21120","title":{"rendered":"Minis"},"content":{"rendered":"<p><img fetchpriority=\"high\" decoding=\"async\" class=\"alignnone wp-image-22267 aligncenter\" src=\"https:\/\/www.dauner-handball.de\/wp-content\/uploads\/2023\/09\/6J5A9367-300x200.jpeg\" alt=\"\" width=\"911\" height=\"608\" srcset=\"https:\/\/www.dauner-handball.de\/wp-content\/uploads\/2023\/09\/6J5A9367-300x200.jpeg 300w, https:\/\/www.dauner-handball.de\/wp-content\/uploads\/2023\/09\/6J5A9367-1024x682.jpeg 1024w, https:\/\/www.dauner-handball.de\/wp-content\/uploads\/2023\/09\/6J5A9367-768x512.jpeg 768w, https:\/\/www.dauner-handball.de\/wp-content\/uploads\/2023\/09\/6J5A9367-128x85.jpeg 128w, https:\/\/www.dauner-handball.de\/wp-content\/uploads\/2023\/09\/6J5A9367-32x21.jpeg 32w, https:\/\/www.dauner-handball.de\/wp-content\/uploads\/2023\/09\/6J5A9367.jpeg 1280w\" sizes=\"(max-width: 911px) 100vw, 911px\" \/><\/p>\n<p>&nbsp;<\/p>\n<p style=\"font-weight: 400;\"><em>Immer freitags von 17:00-18:30 Uhr treffen sich unsere kleinen Handballer\/innen in der Wehrb\u00fcschhalle (Schulstra\u00dfe 6) in Daun, um erste Erfahrungen mit dem Handball zu sammeln. <\/em><\/p>\n<p style=\"font-weight: 400;\"><em>Das Training wird spielerisch gestaltet und das Ziel des Trainergespanns ist es, so viele Kinder wie m\u00f6glich f\u00fcr die Sportart zu begeistern.<\/em><\/p>\n<p style=\"font-weight: 400;\"><em>In Zusammenarbeit mit den umliegenden Vereinen werden regelm\u00e4\u00dfig Mini-Turniere angeboten, bei denen die Mannschaften ihr Gelerntes zeigen k\u00f6nnen. Auch hier steht der Spa\u00df und die Freude am Handball im Mittelpunkt.<br \/>\nJedes Kind im Alter von 5 bis 8 Jahren ist bei uns herzlich willkommen! F\u00fcr ein Schnuppertraining k\u00f6nnt ihr euch gerne bei uns melden:<\/em><\/p>\n<p style=\"font-weight: 400;\"><em>&nbsp;<\/em><\/p>\n<p style=\"font-weight: 400;\"><em>Annalena R\u00f6mer <\/em><\/p>\n<p style=\"font-weight: 400;\"><em><a href=\"mailto:jugendleiter@dauner-handball.de\">jugendleiter(at)<\/a><\/em><em><a href=\"mailto:jugendleiter@dauner-handball.de\">dauner-handball.de<\/a><\/em><\/p>\n<p style=\"font-weight: 400;\"><em>Mobil: +49 152 03213564<\/em><\/p>\n<p style=\"font-weight: 400;\"><em>&nbsp;<\/em><\/p>\n<p style=\"font-weight: 400;\"><em>Wir freuen uns auf dich!<\/em><\/p>\n","protected":false},"excerpt":{"rendered":"<p>&nbsp; Immer freitags von 17:00-18:30 Uhr treffen sich unsere kleinen Handballer\/innen in der Wehrb\u00fcschhalle (Schulstra\u00dfe 6) in Daun, um erste Erfahrungen mit dem Handball zu sammeln. Das Training wird spielerisch [&hellip;]<\/p>\n","protected":false},"author":1,"featured_media":0,"parent":21098,"menu_order":0,"comment_status":"closed","ping_status":"closed","template":"","meta":{"ngg_post_thumbnail":0,"footnotes":""},"class_list":["post-21120","page","type-page","status-publish","hentry"],"_links":{"self":[{"href":"https:\/\/www.dauner-handball.de\/index.php?rest_route=\/wp\/v2\/pages\/21120","targetHints":{"allow":["GET"]}}],"collection":[{"href":"https:\/\/www.dauner-handball.de\/index.php?rest_route=\/wp\/v2\/pages"}],"about":[{"href":"https:\/\/www.dauner-handball.de\/index.php?rest_route=\/wp\/v2\/types\/page"}],"author":[{"embeddable":true,"href":"https:\/\/www.dauner-handball.de\/index.php?rest_route=\/wp\/v2\/users\/1"}],"replies":[{"embeddable":true,"href":"https:\/\/www.dauner-handball.de\/index.php?rest_route=%2Fwp%2Fv2%2Fcomments&post=21120"}],"version-history":[{"count":6,"href":"https:\/\/www.dauner-handball.de\/index.php?rest_route=\/wp\/v2\/pages\/21120\/revisions"}],"predecessor-version":[{"id":30711,"href":"https:\/\/www.dauner-handball.de\/index.php?rest_route=\/wp\/v2\/pages\/21120\/revisions\/30711"}],"up":[{"embeddable":true,"href":"https:\/\/www.dauner-handball.de\/index.php?rest_route=\/wp\/v2\/pages\/21098"}],"wp:attachment":[{"href":"https:\/\/www.dauner-handball.de\/index.php?rest_route=%2Fwp%2Fv2%2Fmedia&parent=21120"}],"curies":[{"name":"wp","href":"https:\/\/api.w.org\/{rel}","templated":true}]}}